?
23
Calculate the remainder when 1228452 is divided by 35097.
57
Calculate the remainder when 907121 is divided by 13145.
116
Calculate the remainder when 2877851 is divided by 411111.
74
What is the remainder when 928463325 is divided by 104?
101
Calculate the remainder when 1582060 is divided by 202.
198
What is the remainder when 21204142 is divided by 405?
367
What is the remainder when 882691 is divided by 651?
586
What is the remainder when 100317 is divided by 16506?
1281
What is the remainder when 19972796 is divided by 4993192?
28
What is the remainder when 177864573 is divided by 25?
23
Calculate the remainder when 294544359 is divided by 721.
718
What is the remainder when 46952 is divided by 3754?
1904
What is the remainder when 30996 is divided by 1177?
394
What is the remainder when 86952 is divided by 43473?
6
Calculate the remainder when 16896115 is divided by 11424.
19
Calculate the remainder when 19623449 is divided by 330.
329
What is the remainder when 11039527 is divided by 75?
52
Calculate the remainder when 20466392 is divided by 3411061.
26
What is the remainder when 216597238 is divided by 648?
646
What is the remainder when 7447692 is divided by 212791?
7
Calculate the remainder when 21446 is divided by 1488.
614
Calculate the remainder when 23060956 is divided by 11530471.
14
Calculate the remainder when 37556309 is divided by 803.
802
What is the remainder when 787738 is divided by 5923?
5902
What is the remainder when 2281673 is divided by 1363?
11
What is the remainder when 3802215 is divided by 39?
27
Calculate the remainder when 229725211 is divided by 714.
709
What is the remainder when 11729863 is divided by 596?
583
Calculate the remainder when 123313143 is divided by 66.
63
Calculate the remainder when 3493121 is divided by 84.
65
What is the remainder when 33310761 is divided by 34?
9
What is the remainder when 1957677 is divided by 363?
18
What is the remainder when 313304 is divided by 59?
14
What is the remainder when 3231666 is divided by 312?
282
What is the remainder when 5304 is divided by 2621?
62
What is the remainder when 3886236 is divided by 261?
207
Calculate the remainder when 275724 is divided by 1372.
1324
Calculate the remainder when 8255 is divided by 1931.
531
What is the remainder when 1204007 is divided by 2030?
217
Calculate the remainder when 537175 is divided by 2560.
2135
What is the remainder when 2217251 is divided by 108?
11
What is the remainder when 154089 is divided by 9628?
41
Calculate the remainder when 3068277 is divided by 2083.
18
Calculate the remainder when 92083 is divided by 7247.
5119
Calculate the remainder when 33211196 is divided by 561.
557
Calculate the remainder when 726666 is divided by 363170.
326
Calculate the remainder when 4043178 is divided by 1942.
1876
Calculate the remainder when 171367241 is divided by 34.
33
What is the remainder when 150153 is divided by 16120?
5073
What is the remainder when 10029780 is divided by 7252?
264
Calculate the remainder when 17106446 is divided by 59.
45
What is the remainder when 4202416 is divided by 842?
836
What is the remainder when 3624246 is divided by 1234?
1222
What is the remainder when 621818 is divided by 5455?
5403
What is the remainder when 202900 is divided by 279?
67
Calculate the remainder when 52801 is divided by 2731.
912
Calculate the remainder when 138139 is divided by 32549.
7943
Calculate the remainder when 130646643 is divided by 13.
10
Calculate the remainder when 7404944 is divided by 38.
36
Calculate the remainder when 1307690 is divided by 261533.
25
Calculate the remainder when 1695135 is divided by 31983.
36
What is the remainder when 2719406 is divided by 18?
2
Calculate the remainder when 115351617 is divided by 28837904.
1
Calculate the remainder when 496168 is divided by 165380.
28
What is the remainder when 137000 is divided by 67711?
1578
Calculate the remainder when 1735799 is divided by 439.
432
Calculate the remainder when 45840339 is divided by 45840323.
16
What is the remainder when 411519727 is divided by 102879931?
3
Calculate the remainder when 1227331 is divided by 408915.
586
What is the remainder when 2148796 is divided by 160?
156
What is the remainder when 809157 is divided by 491?
480
Calculate the remainder when 30900 is divided by 713.
241
Calculate the remainder when 5740742 is divided by 11935.
7
What is the remainder when 1044037 is divided by 38655?
352
What is the remainder when 51070753 is divided by 109?
2
Calculate the remainder when 15606446 is divided by 5202147.
5
What is the remainder when 37193791 is divided by 10642?
1
What is the remainder when 107617596 is divided by 22?
20
What is the remainder when 68039 is divided by 67083?
956
What is the remainder when 27398702 is divided by 351?
344
What is the remainder when 37509757 is divided by 143?
142
Calculate the remainder when 3676773 is divided by 1246.
1073
What is the remainder when 772870 is divided by 54907?
4172
What is the remainder when 892987 is divided by 946?
909
What is the remainder when 8676539 is divided by 285?
284
What is the remainder when 106935 is divided by 2681?
2376
Calculate the remainder when 7679225 is divided by 190.
185
Calculate the remainder when 84603 is divided by 120.
3
Calculate the remainder when 3307224 is divided by 12070.
44
What is the remainder when 122390 is divided by 8018?
2120
What is the remainder when 1396414 is divided by 9?
1
What is the remainder when 470435 is divided by 326?
17
Calculate the remainder when 479153555 is divided by 559.
556
Calculate the remainder when 14777758 is divided by 3622.
3620
What is the remainder when 386512 is divided by 6427?
892
What is the remainder when 154494501 is divided by 100256?
5
Calculate the remainder when 445195 is divided by 1855.
1850
What is the remainder when 846061 is divided by 282020?
1
What is the remainder when 499509 is divided by 3375?
9
Calculate the remainder when 53619038 is divided by 4240.
4238
Calculate the remainder when 62370 is divided by 167.
79
Calculate the remainder when 298098 is divided by 947.
740
Calculate the remainder when 1001492 is divided by 679.
646
Calculate the remainder when 11060107 is divided by 1251.
16
Calculate the remainder when 658165 is divided by 16875.
40
Calculate the remainder when 538801 is divided by 13.
3
What is the remainder when 151699 is divided by 405?
229
What is the remainder when 487912 is divided by 40659?
4
Calculate the remainder when 2744146 is divided by 7.
6
What is the remainder when 25991596 is divided by 18?
10
Calculate the remainder when 5629511 is divided by 296283.
134
Calculate the remainder when 17000101 is divided by 3113.
8
Calculate the remainder when 972002495 is divided by 6816.
6815
Calculate the remainder when 63970 is divided by 260.
10
Calculate the remainder when 855812 is divided by 61110.
272
What is the remainder when 28303 is divided by 1179?
7
What is the remainder when 41957058 is divided by 5?
3
Calculate the remainder when 93137 is divided by 10.
7
What is the remainder when 391529 is divided by 16204?
2633
Calculate the remainder when 342308 is divided by 1240.
68
What is the remainder when 31395905 is divided by 89?
87
What is the remainder when 15248202 is divided by 802536?
18
What is the remainder when 80441412 is divided by 1010?
972
What is the remainder when 13431625 is divided by 26?
25
Calculate the remainder when 16468998 is divided by 2352710.
28
Calculate the remainder when 1475636 is divided by 156.
32
Calculate the remainder when 1086295 is divided by 57173.
8
What is the remainder when 1593028 is divided by 1592866?
162
What is the remainder when 196401 is divided by 3478?
1633
What is the remainder when 55786 is divided by 108?
58
What is the remainder when 53923 is divided by 13479?
7
Calculate the remainder when 204718 is divided by 526.
104
Calculate the remainder when 5349137 is divided by 471.
461
Calculate the remainder when 1324882 is divided by 1299.
1201
What is the remainder when 26549 is divided by 918?
845
What is the remainder when 142851510 is divided by 553?
550
Calculate the remainder when 2196387 is divided by 549096.
3
What is the remainder when 77143764 is divided by 3354076?
16
Cal